{"id":166,"date":"2024-01-15T16:10:40","date_gmt":"2024-01-15T21:10:40","guid":{"rendered":"https:\/\/tiendaluzy.biz\/?post_type=product&#038;p=166"},"modified":"2024-01-15T16:10:41","modified_gmt":"2024-01-15T21:10:41","slug":"hermoso-smarth-watch-dorado","status":"publish","type":"product","link":"https:\/\/latam.tiendaluzy.biz\/index.php\/product\/hermoso-smarth-watch-dorado\/","title":{"rendered":"Hermoso Smarth Watch Dorado"},"content":{"rendered":"<p>\u00a1HERMOSO SMARTWATCH!<\/p>\n<p>&#x1f7e9; Par\u00e1metros del producto<br \/>\n&#x2714; Marca: Lige<br \/>\n&#x2714; Pantalla: 1,85 pulgadas TFT de alta definici\u00f3n<br \/>\n&#x2714; Resoluci\u00f3n: 240*280<br \/>\n&#x2714; Panel t\u00e1ctil: Pantalla t\u00e1ctil completa<br \/>\n&#x2714; Bater\u00eda: 260Mah<br \/>\n&#x2714; App Compatible con Tel\u00e9fono: gloryFit<br \/>\n&#x2714; M\u00e9todo de carga: carga magn\u00e9tica inal\u00e1mbrica<br \/>\n&#x2714; Impermeable: IP67<\/p>\n<p>&#x1f7e9; Par\u00e1metro de hardware:<br \/>\n&#x2714; Bluetooth : BLE 5,2<br \/>\n&#x2714; Versi\u00f3n del sistema: Android 4,4 y superior, IOS 9,0 y superior, 5S arriba<\/p>\n<p>&#x1f7e9; Funci\u00f3n de software:<br \/>\n&#x2714; M\u00faltiples modos deportivos<br \/>\n&#x2714; Monitoreo de frecuencia card\u00edaca<br \/>\n&#x2714; Enlace de un solo clic<br \/>\n&#x2714; Llamada de Bluetooth (Respuesta\/rechazo\/Dial)<br \/>\n&#x2714; SpO2<br \/>\n&#x2714; Monitoreo de presi\u00f3n arterial<br \/>\n&#x2714; Verificaci\u00f3n de temperatura<br \/>\n&#x2714; Ajuste brillante<br \/>\n&#x2714; Ejercicio de respiraci\u00f3n<br \/>\n&#x2714; Asistente de voz<br \/>\n&#x2714; Levante la mano en la pantalla<\/p>\n<p>&#x1f7e9; Recibe notificaciones:<br \/>\n&#x2714; WhatsApp, Facebook, SMS, QQ, WeChat, Line, y otros recordatorios.<\/p>\n<p>&#x1f7e9; Aplicaciones:<br \/>\n&#x2714; Pron\u00f3stico del Tiempo<br \/>\n&#x2714; Flashlight<br \/>\n&#x2714; Clock display<br \/>\n&#x2714; Alarm clock<br \/>\n&#x2714; SOS<br \/>\n&#x2714; Game<br \/>\n&#x2714; Calculadora<br \/>\n&#x2714; Ciclo menstrual femenino<br \/>\n&#x2714; M\u00fasica<br \/>\n&#x2714; Dial vers\u00e1til<br \/>\n&#x2714; Dial wallpaper<br \/>\n&#x2714; Recordatorio sedentario<br \/>\n&#x2714; No molestar el modo<br \/>\n&#x2714; Encuentra la pulsera<br \/>\n&#x2714; Fotograf\u00eda remota<br \/>\n&#x2714; Monitoreo del sue\u00f1o<br \/>\n&#x2714; Distancia de paso<br \/>\n&#x2714; Calor\u00edas<\/p>\n","protected":false},"excerpt":{"rendered":"<p>\u00a1HERMOSO SMARTWATCH! &#x1f7e9; Par\u00e1metros del producto &#x2714; Marca: Lige &#x2714; Pantalla: 1,85 pulgadas TFT de alta definici\u00f3n &#x2714; Resoluci\u00f3n: 240*280 &#x2714; Panel t\u00e1ctil: Pantalla t\u00e1ctil completa &#x2714; Bater\u00eda: 260Mah &#x2714; App Compatible con Tel\u00e9fono: gloryFit &#x2714; M\u00e9todo de carga: carga magn\u00e9tica inal\u00e1mbrica &#x2714; Impermeable: IP67 &#x1f7e9; Par\u00e1metro de hardware: &#x2714; Bluetooth : BLE 5,2 &#x2714; [&hellip;]<\/p>\n","protected":false},"featured_media":164,"comment_status":"open","ping_status":"closed","template":"","meta":[],"product_cat":[24],"product_tag":[],"class_list":{"0":"post-166","1":"product","2":"type-product","3":"status-publish","4":"has-post-thumbnail","6":"product_cat-accesorios-tecnologicos","8":"first","9":"instock","10":"taxable","11":"shipping-taxable","12":"purchasable","13":"product-type-simple"},"yoast_head":"<!-- This site is optimized with the Yoast SEO plugin v21.9.1 - https:\/\/yoast.com\/wordpress\/plugins\/seo\/ -->\n<title>Hermoso Smarth Watch Dorado - Tienda Luzy<\/title>\n<meta name=\"robots\" content=\"index, follow, max-snippet:-1, max-image-preview:large, max-video-preview:-1\" \/>\n<link rel=\"canonical\" href=\"https:\/\/latam.tiendaluzy.biz\/index.php\/product\/hermoso-smarth-watch-dorado\/\" \/>\n<meta property=\"og:locale\" content=\"es_ES\" \/>\n<meta property=\"og:type\" content=\"article\" \/>\n<meta property=\"og:title\" content=\"Hermoso Smarth Watch Dorado - Tienda Luzy\" \/>\n<meta property=\"og:description\" content=\"\u00a1HERMOSO SMARTWATCH! &#x1f7e9; Par\u00e1metros del producto &#x2714; Marca: Lige &#x2714; Pantalla: 1,85 pulgadas TFT de alta definici\u00f3n &#x2714; Resoluci\u00f3n: 240*280 &#x2714; Panel t\u00e1ctil: Pantalla t\u00e1ctil completa &#x2714; Bater\u00eda: 260Mah &#x2714; App Compatible con Tel\u00e9fono: gloryFit &#x2714; M\u00e9todo de carga: carga magn\u00e9tica inal\u00e1mbrica &#x2714; Impermeable: IP67 &#x1f7e9; Par\u00e1metro de hardware: &#x2714; Bluetooth : BLE 5,2 &#x2714; [&hellip;]\" \/>\n<meta property=\"og:url\" content=\"https:\/\/latam.tiendaluzy.biz\/index.php\/product\/hermoso-smarth-watch-dorado\/\" \/>\n<meta property=\"og:site_name\" content=\"Tienda Luzy\" \/>\n<meta property=\"article:publisher\" content=\"https:\/\/www.facebook.com\/tiendaluzy.latam\/\" \/>\n<meta property=\"article:modified_time\" content=\"2024-01-15T21:10:41+00:00\" \/>\n<meta property=\"og:image\" content=\"https:\/\/latam.tiendaluzy.biz\/wp-content\/uploads\/2024\/01\/RJ0003-1.jpg\" \/>\n\t<meta property=\"og:image:width\" content=\"1200\" \/>\n\t<meta property=\"og:image:height\" content=\"1200\" \/>\n\t<meta property=\"og:image:type\" content=\"image\/jpeg\" \/>\n<meta name=\"twitter:card\" content=\"summary_large_image\" \/>\n<meta name=\"twitter:label1\" content=\"Tiempo de lectura\" \/>\n\t<meta name=\"twitter:data1\" content=\"1 minuto\" \/>\n<script type=\"application\/ld+json\" class=\"yoast-schema-graph\">{\"@context\":\"https:\/\/schema.org\",\"@graph\":[{\"@type\":\"WebPage\",\"@id\":\"https:\/\/latam.tiendaluzy.biz\/index.php\/product\/hermoso-smarth-watch-dorado\/\",\"url\":\"https:\/\/latam.tiendaluzy.biz\/index.php\/product\/hermoso-smarth-watch-dorado\/\",\"name\":\"Hermoso Smarth Watch Dorado - Tienda Luzy\",\"isPartOf\":{\"@id\":\"https:\/\/latam.tiendaluzy.biz\/#website\"},\"datePublished\":\"2024-01-15T21:10:40+00:00\",\"dateModified\":\"2024-01-15T21:10:41+00:00\",\"breadcrumb\":{\"@id\":\"https:\/\/latam.tiendaluzy.biz\/index.php\/product\/hermoso-smarth-watch-dorado\/#breadcrumb\"},\"inLanguage\":\"es\",\"potentialAction\":[{\"@type\":\"ReadAction\",\"target\":[\"https:\/\/latam.tiendaluzy.biz\/index.php\/product\/hermoso-smarth-watch-dorado\/\"]}]},{\"@type\":\"BreadcrumbList\",\"@id\":\"https:\/\/latam.tiendaluzy.biz\/index.php\/product\/hermoso-smarth-watch-dorado\/#breadcrumb\",\"itemListElement\":[{\"@type\":\"ListItem\",\"position\":1,\"name\":\"Portada\",\"item\":\"https:\/\/latam.tiendaluzy.biz\/\"},{\"@type\":\"ListItem\",\"position\":2,\"name\":\"Shop\",\"item\":\"https:\/\/latam.tiendaluzy.biz\/index.php\/shop\/\"},{\"@type\":\"ListItem\",\"position\":3,\"name\":\"Hermoso Smarth Watch Dorado\"}]},{\"@type\":\"WebSite\",\"@id\":\"https:\/\/latam.tiendaluzy.biz\/#website\",\"url\":\"https:\/\/latam.tiendaluzy.biz\/\",\"name\":\"Tienda Luzy\",\"description\":\"Solo prendas de alta gama\",\"publisher\":{\"@id\":\"https:\/\/latam.tiendaluzy.biz\/#organization\"},\"alternateName\":\"Tienda de Ropa\",\"potentialAction\":[{\"@type\":\"SearchAction\",\"target\":{\"@type\":\"EntryPoint\",\"urlTemplate\":\"https:\/\/latam.tiendaluzy.biz\/?s={search_term_string}\"},\"query-input\":\"required name=search_term_string\"}],\"inLanguage\":\"es\"},{\"@type\":\"Organization\",\"@id\":\"https:\/\/latam.tiendaluzy.biz\/#organization\",\"name\":\"Tienda Luzy\",\"url\":\"https:\/\/latam.tiendaluzy.biz\/\",\"logo\":{\"@type\":\"ImageObject\",\"inLanguage\":\"es\",\"@id\":\"https:\/\/latam.tiendaluzy.biz\/#\/schema\/logo\/image\/\",\"url\":\"https:\/\/latam.tiendaluzy.biz\/wp-content\/uploads\/2024\/01\/419900722_1115635009745276_6897540178293049237_n.jpg\",\"contentUrl\":\"https:\/\/latam.tiendaluzy.biz\/wp-content\/uploads\/2024\/01\/419900722_1115635009745276_6897540178293049237_n.jpg\",\"width\":1335,\"height\":1335,\"caption\":\"Tienda Luzy\"},\"image\":{\"@id\":\"https:\/\/latam.tiendaluzy.biz\/#\/schema\/logo\/image\/\"},\"sameAs\":[\"https:\/\/www.facebook.com\/tiendaluzy.latam\/\",\"https:\/\/www.instagram.com\/latam.tienda.luzy\/\"]}]}<\/script>\n<!-- \/ Yoast SEO plugin. -->","yoast_head_json":{"title":"Hermoso Smarth Watch Dorado - Tienda Luzy","robots":{"index":"index","follow":"follow","max-snippet":"max-snippet:-1","max-image-preview":"max-image-preview:large","max-video-preview":"max-video-preview:-1"},"canonical":"https:\/\/latam.tiendaluzy.biz\/index.php\/product\/hermoso-smarth-watch-dorado\/","og_locale":"es_ES","og_type":"article","og_title":"Hermoso Smarth Watch Dorado - Tienda Luzy","og_description":"\u00a1HERMOSO SMARTWATCH! &#x1f7e9; Par\u00e1metros del producto &#x2714; Marca: Lige &#x2714; Pantalla: 1,85 pulgadas TFT de alta definici\u00f3n &#x2714; Resoluci\u00f3n: 240*280 &#x2714; Panel t\u00e1ctil: Pantalla t\u00e1ctil completa &#x2714; Bater\u00eda: 260Mah &#x2714; App Compatible con Tel\u00e9fono: gloryFit &#x2714; M\u00e9todo de carga: carga magn\u00e9tica inal\u00e1mbrica &#x2714; Impermeable: IP67 &#x1f7e9; Par\u00e1metro de hardware: &#x2714; Bluetooth : BLE 5,2 &#x2714; [&hellip;]","og_url":"https:\/\/latam.tiendaluzy.biz\/index.php\/product\/hermoso-smarth-watch-dorado\/","og_site_name":"Tienda Luzy","article_publisher":"https:\/\/www.facebook.com\/tiendaluzy.latam\/","article_modified_time":"2024-01-15T21:10:41+00:00","og_image":[{"width":1200,"height":1200,"url":"https:\/\/latam.tiendaluzy.biz\/wp-content\/uploads\/2024\/01\/RJ0003-1.jpg","type":"image\/jpeg"}],"twitter_card":"summary_large_image","twitter_misc":{"Tiempo de lectura":"1 minuto"},"schema":{"@context":"https:\/\/schema.org","@graph":[{"@type":"WebPage","@id":"https:\/\/latam.tiendaluzy.biz\/index.php\/product\/hermoso-smarth-watch-dorado\/","url":"https:\/\/latam.tiendaluzy.biz\/index.php\/product\/hermoso-smarth-watch-dorado\/","name":"Hermoso Smarth Watch Dorado - Tienda Luzy","isPartOf":{"@id":"https:\/\/latam.tiendaluzy.biz\/#website"},"datePublished":"2024-01-15T21:10:40+00:00","dateModified":"2024-01-15T21:10:41+00:00","breadcrumb":{"@id":"https:\/\/latam.tiendaluzy.biz\/index.php\/product\/hermoso-smarth-watch-dorado\/#breadcrumb"},"inLanguage":"es","potentialAction":[{"@type":"ReadAction","target":["https:\/\/latam.tiendaluzy.biz\/index.php\/product\/hermoso-smarth-watch-dorado\/"]}]},{"@type":"BreadcrumbList","@id":"https:\/\/latam.tiendaluzy.biz\/index.php\/product\/hermoso-smarth-watch-dorado\/#breadcrumb","itemListElement":[{"@type":"ListItem","position":1,"name":"Portada","item":"https:\/\/latam.tiendaluzy.biz\/"},{"@type":"ListItem","position":2,"name":"Shop","item":"https:\/\/latam.tiendaluzy.biz\/index.php\/shop\/"},{"@type":"ListItem","position":3,"name":"Hermoso Smarth Watch Dorado"}]},{"@type":"WebSite","@id":"https:\/\/latam.tiendaluzy.biz\/#website","url":"https:\/\/latam.tiendaluzy.biz\/","name":"Tienda Luzy","description":"Solo prendas de alta gama","publisher":{"@id":"https:\/\/latam.tiendaluzy.biz\/#organization"},"alternateName":"Tienda de Ropa","potentialAction":[{"@type":"SearchAction","target":{"@type":"EntryPoint","urlTemplate":"https:\/\/latam.tiendaluzy.biz\/?s={search_term_string}"},"query-input":"required name=search_term_string"}],"inLanguage":"es"},{"@type":"Organization","@id":"https:\/\/latam.tiendaluzy.biz\/#organization","name":"Tienda Luzy","url":"https:\/\/latam.tiendaluzy.biz\/","logo":{"@type":"ImageObject","inLanguage":"es","@id":"https:\/\/latam.tiendaluzy.biz\/#\/schema\/logo\/image\/","url":"https:\/\/latam.tiendaluzy.biz\/wp-content\/uploads\/2024\/01\/419900722_1115635009745276_6897540178293049237_n.jpg","contentUrl":"https:\/\/latam.tiendaluzy.biz\/wp-content\/uploads\/2024\/01\/419900722_1115635009745276_6897540178293049237_n.jpg","width":1335,"height":1335,"caption":"Tienda Luzy"},"image":{"@id":"https:\/\/latam.tiendaluzy.biz\/#\/schema\/logo\/image\/"},"sameAs":["https:\/\/www.facebook.com\/tiendaluzy.latam\/","https:\/\/www.instagram.com\/latam.tienda.luzy\/"]}]}},"_links":{"self":[{"href":"https:\/\/latam.tiendaluzy.biz\/index.php\/wp-json\/wp\/v2\/product\/166","targetHints":{"allow":["GET"]}}],"collection":[{"href":"https:\/\/latam.tiendaluzy.biz\/index.php\/wp-json\/wp\/v2\/product"}],"about":[{"href":"https:\/\/latam.tiendaluzy.biz\/index.php\/wp-json\/wp\/v2\/types\/product"}],"replies":[{"embeddable":true,"href":"https:\/\/latam.tiendaluzy.biz\/index.php\/wp-json\/wp\/v2\/comments?post=166"}],"wp:featuredmedia":[{"embeddable":true,"href":"https:\/\/latam.tiendaluzy.biz\/index.php\/wp-json\/wp\/v2\/media\/164"}],"wp:attachment":[{"href":"https:\/\/latam.tiendaluzy.biz\/index.php\/wp-json\/wp\/v2\/media?parent=166"}],"wp:term":[{"taxonomy":"product_cat","embeddable":true,"href":"https:\/\/latam.tiendaluzy.biz\/index.php\/wp-json\/wp\/v2\/product_cat?post=166"},{"taxonomy":"product_tag","embeddable":true,"href":"https:\/\/latam.tiendaluzy.biz\/index.php\/wp-json\/wp\/v2\/product_tag?post=166"}],"curies":[{"name":"wp","href":"https:\/\/api.w.org\/{rel}","templated":true}]}}